).
-12
Calculate (34 - 20) + -31 - -11.
-6
Calculate -3 + 1 + (-33 - -19 - -22) + -6.
0
0 + (-2 + (-8 - -3) - (-4 - 1))
-2
Evaluate (7 - -13) + -13 + -8 - (-36 + -1).
36
What is the value of -45 + 20 - (4 + (-7 - 3) + -1)?
-18
(-1 + -2 + -2 - (0 - 2)) + 12
9
Evaluate 3 + (-14 - (-18 + -9)).
16
Evaluate (3 + 6 - 13) + (34 - 7).
23
Evaluate -3 + 12 + -3 - (-7 - -6).
7
What is 4 + -5 + 5 + (-6 - -5) + 3?
6
What is the value of 9 + -5 + -13 + -61 + 96?
26
What is the value of -4 + 4 + 3 + -115 + 117?
5
What is the value of -2 + (-25 - (-24 + -6))?
3
-42 - -26 - (-6 + -7)
-3
What is the value of (4 - 7 - (0 + -4)) + -7 - -5?
-1
What is 18 + (-3 + -39 - -14)?
-10
-12 + 3 + 7 - -4
2
Evaluate 16 + -9 - -16 - 43.
-20
Calculate 115 - 170 - (-30 + 0).
-25
Calculate -12 + -20 + 9 + 4.
-19
Evaluate -5 - (13 + (-2 - 10) + 15).
-21
What is -3 - (-2 + 2) - ((-16 - -7) + 2)?
4
Evaluate (-7 + 14 - -3) + -9 + -3.
-2
Evaluate -7 + (17 - 8) + -13.
-11
What is -5 - (-4 - (-10 + (6 - 2)))?
-7
What is the value of 41 + -31 + 5 - (9 - 2)?
8
Calculate -7 - (10 - (5 + (28 - -5))).
21
What is -24 + (-39 - -99) + -2 + -8?
26
Evaluate -4 + -2 + 12 - (-13 + 3).
16
Calculate -6 + 33 + -12 + -8.
7
What is 19 + -37 + (1 + 2 - -4)?
-11
(-16 - 7) + (18 + -4 - 2)
-11
Evaluate (-1 - ((2 - (-8 - -34)) + -2)) + -2.
23
-11 + 5 + (89 - 88)
-5
What is 5 + (4 - (-4 - -2) - 3) + -3?
5
Evaluate (-5 - (-2 - -8)) + -19 - -11.
-19
Evaluate 11 - (20 - (14 + -14)).
-9
What is -10 + 36 + -18 + -6?
2
What is the value of -67 - -65 - (-7 + 0) - (-1 + -3)?
9
Evaluate -2 + (3 - -1) + -1 + 10 + -9.
2
25 - (8 - 3) - 16
4
What is the value of 6 + 4 + 15 + 7 - 9?
23
Evaluate 5 - -10 - 5 - (9 + -21 + 14).
8
-13 - (-12 + -1 + (-17 - -14))
3
(15 - 18) + -9 + -4
-16
What is the value of 14 - (1 - (1 - (4 - -3)))?
7
(-4 - 11) + (17 - -4)
6
What is the value of -7 - (-5 + -4 + 0 - -4)?
-2
What is the value of (8 - 7 - 4) + -9 + 19?
7
Evaluate -38 - -1 - (16 + 12 + -41).
-24
Evaluate -1 + (1 - (-1 - 0)) + 217 + -213.
5
What is the value of -4 + (-2 + (-5 + 7 - 7) - -1)?
-10
-30 + 6 + 2 - (-4 + 2)
-20
What is the value of (11 - 3 - 7) + 1 + 2 + -8?
-4
What is the value of (25 - -15) + -105 - -35?
-30
What is the value of -29 + 32 - (4 + (-13 - 4))?
16
Calculate (10 - 20 - 13) + 37.
14
What is -43 + 9 + -5 + 5 + (13 - 11)?
-32
What is (-1 - -5) + (-10 - (-8 + -5)) + -2?
5
Evaluate -7 - (-2 - (-27 + 42)).
10
Calculate (6 - 9) + -8 + (14 - 10) + -5.
-12
What is -4 - (-10 - (6 - 15 - 10))?
-13
What is the value of -4 - -1 - -30 - (72 + -62)?
17
Evaluate -18 - (-6 + -9 - -15).
-18
Evaluate -2 + 18 + (-24 - -14).
6
What is (6 - 1) + (-9 - 1) + 3?
-2
Calculate -5 + 22 + (-14 - -3) + -8.
-2
What is the value of -2 + (3 - 3) - (-17 - -8)?
7
What is the value of -21 + (-15 - 3) + 0 + 13?
-26
11 + -1 - (-15 + 17 - -2)
6
What is (492 - 467) + (-25 - 1)?
-1
Calculate -3 + (-4 + -2 - -4) + 5 + 1.
1
Evaluate -16 + 32 + -7 + -21.
-12
Evaluate (9 - 11) + 7 - (-2 - 1 - -7).
1
What is the value of -3 - 1 - (2 + (3 - (5 - -5)))?
1
Calculate -3 - (-2 + -1 + -6 + 11) - -11.
6
Evaluate -44 + 18 - (-18 - -1).
-9
-41 - 10 - -70 - (1 - 7)
25
Evaluate -8 + -1 - (-54 + 19 - -34).
-8
Evaluate -3 - (-2 + (-15 - -8 - (1 + -2))).
5
What is the value of 222 + -206 - (0 + 1)?
15
What is (-1 - (-21 - 0)) + (11 - (21 - 6))?
16
What is the value of (-3 - -6 - 1) + (-144 - -120)?
-22
Calculate -12 + 11 + (10 - 10 - 10).
-11
(0 - (4 + (-7 - -9))) + (-4 - -11)
1
Calculate -36 - (-24 + -54) - 35.
7
Evaluate (22 + 0 - 1) + -13.
8
What is the value of (8 - 5 - -13 - 8) + 16?
24
What is the value of 3 - -15 - (39 - 16)?
-5
Evaluate 30 - 20 - (-22 + 7 - -6).
19
Calculate 0 + -1 - (-10 + (-32 - -47)) - 5.
-11
Calculate -11 + -15 + -6 + 7 + 13.
-12
Calculate (-28 - -39 - (6 + -3)) + 4 + -19.
-7
Evaluate 51 + -15 + -43 - (2 + -14).
5
Evaluate 2 + (-8 - -2) + 0 + -17 + 6.
-15
What is 4 - ((15 - -26) + -27)?
-10
-21 + 9 - (-73 - -28)
33
What is (1 - 3 - 8) + 7 + (9 - 20)?
-14
What is (163 - 163) + (9 - 0)?
9
-2 + (0 - 4 - -4) - (-5 + 1)
2
0 + (32 - 39) + -2 + 10
1
What is the value of -5 + (-1 - 21) + 17?
-10
What is -3 - 5 - (-19 + 10)?
1
Calculate -22 + -15 + 29 - -6.
-2
37 - ((-23 - -67) + -22)
15
What is (34 + -6 - 2) + -15?
11
Calculate 2 - (11 + 5 + 2 + -6).
-10
What is 1 + 14 + -25 - 4?
-14
Evaluate 9 + -20 + 5 + -5 + 1.
-10
What is 11 - -2 - (2 - (5 + 1 + -8))?
9
What is the value of (-2 - (-7 - (-19 + 13))) + (3 - -1)?
3
Calculate -3 + -1 + -8 + (-24 - -39) + -2.
1
What is (2 - (-3 + 14)) + (-176 - -179)?
-6
Evaluate (58 - 65) + (-7 - -1 - (-6 - -5)).
-12
What is (-17 - -14) + 17 + -6 - -3?
11
What is the value of -18 - (-9 + -1 + -10 + 22)?
-20
Evaluate 9 - 6 - ((14 - -1) + (3 - -3)).
-18
Calculate (2 - 23) + (-7 - -6).
-22
Calculate -10 - (-45 - (11 - 28)).
18
Evaluate 0 - (11 + -14) - 12.
-9
What is -9 - (-3 - 4) - (27 - 49) - -2?
22
2 - (-15 - (-9 + 1 + 0))
9
Evaluate 13 + -7 + (-5 - (-9 + 3 - 19)).
26
0 + -9 - (-22 + (-2 - -20))
-5
Evaluate (3 - 7) + 0 + (-8 - 0).
-12
What is 10 + (-22 + 0 - -23)?
11
Evaluate (3 + -19 - -8) + 7 + (7 - 2).
4
What is the value of 0 + 15 + -11 - 17?
-13
Calculate -19 + 3 + -4 - (-108 - -104).
-16
-71 + 39 - -35 - -21
24
2 + (-24 - -4) - -1
-17
What is the value of -98 + 102 + (9 - 1) - 27?
-15
(4 - -7) + (287 - 294)
4
What is the value of 11 + (-3 + 4 + (-6 - -1) - -5)?
12
-19 + (-7 - (7 + -3 - 4) - -10)
-16
What is 1 + -25 - ((2 - 1) + -1)?
-24
Calculate 8 - (6 + 0 + 6 + 6).
-10
Evaluate (-10 + 5 + 3 - -3 - 8) + 29.
22
Calculate 5 - (2 - (-3 + (3 - (1 - -3)))).
-1
What is (-2 - (-13 - 0)) + 32 + -67 + 15?
-9
What is the value of (-5 - 3) + (-9 + 12 - 13) + -2?
-20
What is -32 + 33 + (-5 + (0 - -6) - -9)?
11
What is the value of (-1 - 6) + 9 + 6?
8
What is the value of (5 - (-5 - -9)) + -2 + 7?
6
What is the value of -12 + -20 + 8 + -4 + 2?
-26
What is the value of -11 - 17 - -34 - (16 - -1)?
-11
-2 + 7 + 7 + -1 + -12
-1
What is the value of 6 - (-8 - (0 + 0) - 11 - -1)?
24
Evaluate -1 - (-4 + (0 - (-7 + 1))).
-3
3 - (12 + 2 - 14)
3
What is -1 + -5 + 93 + (-37 - 47)?
3
Evaluate 10 + 2 + -13 + 15 + 4.
18
(0 - -35) + (16 - (19 - -1))
31
Evaluate 6 + -2 - (6 + -6 - 6).
10
Evaluate (0 + 10 - 3) + (-11 - -2).
-2
-27 + (25 - 57) + 59
0
What is (-126 - -111) + 31 + 0?
16
Calculate (-11 - 0) + (175 - 169) + 5.
0
Evaluate -9 + 5 + -2 + (7 - 9 - 4).
-12
What is 7 - 9 - 4 - -2 - 6?
-10
What is the value of -7 + 0 - (17 + -23 - -4)?
-5
Evaluate 4 - (1 + -3 - (-37 - -28)).
-3
Calculate 24 + -10 - (-1 - (-2 - 3)).
10
31 + (-84 - -19) - (0 - 8)
-26
What is 21 + (38 - (-14 - -45))?
28
What is the value of (-7 - -1) + -1 + (5 - 3) + -3?
-8
What is (-1 - -3) + -17 + (37 - 26)?
-4
18 + (-19 - -7 - -9)
15
(-1 + 0 - -4) + (43 - 37) - 16
-7
What is the value of ((29 - 15) + 1 - 23) + -17?
-25
Evaluate 4 - (2 - 0 - -10).
-8
Evaluate -3 + -34 - (-130 - -109).
-16
What is 23 + -3 + -44 + 3?
-21
Calculate 13 + ((-19 - 4) + 13 - (-4 + 1)).
6
What is the value of -7 + -12 + -2 + 7 + -9?
-23
What is the value of 21 + 5 + (-2 - (-4 + 1))?
27
Evaluate -7 + (5 - (9 + -9)) + -8 + 24.
14
-2 - (6 - ((-20 - -11) + 8))
-9
What is -7 + (4 + -2 - (-6 + (2 - 1)))?
0
What is 14 + -13 - (-1 - -4 - -11)?
-13
Calculate (-2 - (-3 - (-4 - -8))) + (-113 - -114).
6
What is 25 - (-1 + -1 - -13)?
14
Evaluate -8 + 0 + (48 - (21 + 19)).
0
(6 - (-2 + (12 - 5) + -7)) + 6
14
-25 + -10 + 5 + 4
-26
(-10 + 10 + -8 - 5) + 1
-12
Calculate -4 - (1 + 7 - (-4 - (-12 + 3))).
-7
What is -12 - (-10 - -2 - -6 - 36)?
26
What is the value of -6 + (12 + 1 - (7 + -5 + 0))?
5
14 - (32 + -13) - (3 + 1)
-9
What is the value of (-13 - (-33 + 16)) + 9?
13
Calculate -4 + -17 - (5 + -32).
6
What is (-14 - -2) + (70 - 52) + 9?
15
Calculate -22 + 18 - (1 - (-4 + -5)).
-14
Evaluate -15 + 0 + 893 + -869.
9
Evaluate 20 + 8 + 12 + -32.
8
Calculate -2 - (-4 + -4 + 6 + 1 + 4).
-5
Evaluate 173 - 201 - (-37 - -2).
7
Evaluate 3 - (-2 + -16 + (15 - -11)).
-5
What is the value of (2 - -6) + -14 + 21 + -8?
7
What is -37 - (1 - (22 + -7))?
-23
Evaluate -8 + 13 + -7 + (2 - -14 - 3).
11
What is the value of 61 + -55 - (12 + -7 + 3)?
-2
What is -8 - -2 - (-207 - -201)?
0
Evaluate 171 + -197 + (22 - -5).
1
-1 + -11 - 0 - (-156 - -173)
-29
Evaluate (-15 + 7 - -2) + 2.
-4
What is the value of 37 + -42 + (6 